3
Calculate the greatest common divisor of 20262 and 186.
6
Calculate the greatest common divisor of 685 and 1293965.
685
What is the greatest common factor of 10375724 and 262?
262
Calculate the highest common factor of 10 and 50255.
5
Calculate the greatest common factor of 9 and 1309437.
9
Calculate the highest common factor of 115311 and 15606.
867
Calculate the highest common factor of 113704 and 21436.
932
What is the greatest common divisor of 650610 and 180?
90
Calculate the highest common divisor of 1674 and 62.
62
Calculate the highest common divisor of 10 and 233765.
5
Calculate the highest common divisor of 184 and 299644.
92
What is the highest common divisor of 143 and 98293?
13
Calculate the highest common factor of 122473 and 39.
13
Calculate the highest common divisor of 115 and 14605.
115
Calculate the highest common factor of 209 and 2304643.
209
Calculate the greatest common divisor of 28 and 22358.
14
What is the highest common divisor of 51183 and 297?
99
What is the greatest common factor of 65 and 93002?
13
What is the greatest common factor of 1104 and 647036?
92
What is the greatest common factor of 4 and 1589308?
4
What is the greatest common factor of 3404 and 89984?
148
Calculate the highest common factor of 56 and 32116.
28
What is the highest common factor of 51603 and 309?
309
Calculate the highest common divisor of 140 and 328230.
70
Calculate the greatest common factor of 582176 and 448.
224
What is the highest common divisor of 378 and 3500?
14
Calculate the highest common divisor of 3816 and 46269.
477
Calculate the greatest common divisor of 559 and 9659.
13
Calculate the greatest common divisor of 70 and 582785.
35
What is the highest common factor of 33 and 94369?
11
What is the highest common factor of 297 and 627?
33
What is the highest common factor of 4399 and 6723?
83
Calculate the greatest common factor of 64 and 306.
2
Calculate the greatest common divisor of 259392 and 168.
168
Calculate the greatest common factor of 3725 and 112325.
25
What is the highest common factor of 780240 and 60?
60
Calculate the greatest common divisor of 216625 and 250.
125
What is the highest common divisor of 16932 and 357?
51
What is the greatest common divisor of 1216 and 22496?
608
Calculate the greatest common factor of 798 and 2247.
21
What is the greatest common factor of 732 and 549?
183
What is the greatest common divisor of 93 and 19164?
3
Calculate the greatest common divisor of 3615 and 45.
15
What is the greatest common divisor of 6152 and 236?
4
What is the highest common factor of 580823 and 67?
67
What is the greatest common factor of 22120 and 31640?
280
Calculate the greatest common divisor of 41 and 201023.
41
Calculate the greatest common factor of 466 and 1018.
2
What is the greatest common factor of 10 and 247250?
10
What is the greatest common divisor of 18632 and 442?
34
What is the greatest common divisor of 3510 and 160110?
270
Calculate the highest common factor of 14450 and 13294.
578
Calculate the greatest common divisor of 3743 and 606563.
197
What is the highest common divisor of 15062 and 6562?
34
What is the greatest common divisor of 2590 and 5110?
70
What is the greatest common divisor of 34785 and 10?
5
What is the highest common factor of 5175 and 23400?
225
What is the greatest common divisor of 323 and 6631?
19
What is the greatest common divisor of 124 and 15500?
124
Calculate the highest common factor of 303052 and 634.
634
What is the greatest common factor of 1387 and 77307?
73
Calculate the greatest common divisor of 252 and 7602.
42
Calculate the highest common factor of 221063 and 106.
53
Calculate the highest common factor of 1334 and 1556111.
667
Calculate the highest common divisor of 144785 and 92.
23
What is the greatest common divisor of 34918 and 68?
34
What is the highest common factor of 662478 and 369?
123
What is the greatest common divisor of 128 and 184?
8
Calculate the highest common factor of 738 and 306352.
82
Calculate the highest common divisor of 143842 and 299.
23
What is the highest common factor of 246565 and 55?
55
Calculate the greatest common factor of 22491 and 136.
17
Calculate the highest common factor of 572803 and 301.
301
What is the greatest common factor of 115 and 6118?
23
What is the greatest common divisor of 140209 and 298?
149
Calculate the highest common divisor of 7380 and 3060.
180
Calculate the greatest common factor of 306236 and 28.
28
What is the highest common divisor of 648 and 6060?
12
What is the highest common factor of 1300 and 3628300?
1300
What is the highest common divisor of 12214 and 1674?
62
What is the highest common divisor of 375 and 2175?
75
Calculate the highest common divisor of 9911 and 51.
17
Calculate the greatest common divisor of 2106 and 14916.
6
Calculate the highest common factor of 700 and 111160.
140
What is the highest common factor of 603920 and 520?
40
What is the highest common divisor of 263 and 79426?
263
What is the highest common divisor of 516 and 360?
12
What is the highest common divisor of 260540 and 175?
35
What is the greatest common divisor of 12876 and 9768?
444
What is the greatest common divisor of 140 and 47180?
140
Calculate the highest common divisor of 1380 and 64620.
60
Calculate the greatest common divisor of 2914633 and 51.
17
What is the highest common divisor of 2907 and 918?
153
What is the greatest common divisor of 85 and 40681?
17
What is the highest common divisor of 38885 and 175?
35
What is the highest common divisor of 42198 and 156?
78
Calculate the highest common divisor of 1160725 and 225.
25
Calculate the greatest common divisor of 163872 and 40.
8
What is the greatest common divisor of 108 and 489204?
36
Calculate the greatest common divisor of 19818 and 62390.
734
What is the highest common factor of 90 and 222255?
45
Calculate the greatest common divisor of 104 and 3913.
13
What is the highest common divisor of 36 and 37494?
18
What is the greatest common factor of 258 and 1327281?
129
What is the greatest common factor of 26520 and 32?
8
What is the highest common divisor of 3247956 and 72?
36
Calculate the greatest common divisor of 12614 and 595.
119
What is the highest common divisor of 3920 and 55930?
70
What is the greatest common factor of 1353850 and 50?
50
What is the highest common divisor of 9263 and 16697?
59
Calculate the highest common factor of 231924 and 4.
4
What is the highest common divisor of 991062 and 90?
18
Calculate the greatest common divisor of 270 and 28296.
54
What is the highest common factor of 26427 and 69?
69
Calculate the greatest common divisor of 29298 and 228.
114
Calculate the highest common divisor of 760 and 676240.
40
Calculate the highest common factor of 27971 and 22579.
337
Calculate the greatest common divisor of 4561356 and 48.
12
Calculate the greatest common divisor of 15152 and 464.
16
What is the greatest common factor of 90 and 6185835?
45
Calculate the highest common factor of 8 and 2118064.
8
What is the greatest common factor of 1097531 and 37?
37
Calculate the highest common divisor of 1215 and 76455.
45
Calculate the greatest common divisor of 225 and 50265.
45
What is the highest common divisor of 3 and 117321?
3
Calculate the greatest common divisor of 52 and 697814.
26
What is the greatest common divisor of 15203 and 103116?
661
What is the highest common factor of 1156 and 372028?
68
What is the highest common factor of 1833388 and 268?
268
Calculate the greatest common factor of 97 and 12450532.
97
Calculate the greatest common factor of 8686808 and 13.
13
Calculate the highest common divisor of 43926 and 96.
6
Calculate the greatest common divisor of 1830 and 7485.
15
What is the highest common divisor of 1957 and 9991?
103
What is the greatest common divisor of 24 and 552450?
6
What is the highest common factor of 1036 and 349724?
148
Calculate the greatest common factor of 212424 and 3975.
159
Calculate the highest common factor of 70630 and 130.
10
What is the greatest common divisor of 99 and 12375?
99
What is the greatest common factor of 17164 and 14952?
28
What is the highest common factor of 5548525 and 25?
25
What is the greatest common factor of 3012 and 1107412?
1004
Calculate the highe